Suppose 5*s = -20, 4*s + 23 = -4*x + 3. Let d be q(x). What is the tens digit of (-209)/(-9) + d/9?
2
What is the units digit of (-470)/(-2) - (-2)/(-8 + 6)?
4
Let t be 0/1 + (443 - 2) - -3. Suppose -5*w = 0, -4*v + v = -w - t. What is the tens digit of v?
4
Let b(l) = 5*l**2 + 5 + l**3 - 45*l + 49*l - 3. Let z be b(-4). Suppose z*t = 0, c + 4*c + 5*t - 55 = 0. What is the tens digit of c?
1
Let g(z) = z**3 + 5*z**2 - 6*z - 5. Let w be g(-6). Let b be (3 - w/(-2))*-6. What is the tens digit of 47 - -2*(b - -4)?
4
Let a(c) = -c - 2. Let s(l) = 3*l + 9. Let p be s(-4). Let m be a(p). What is the tens digit of (-20 - 0)/(m - 3)?
1
Suppose -3*u - 4 - 2 = 0, 487 = -3*d + 4*u. Let j = -93 - d. What is the tens digit of j?
7
Suppose 0 = 7*g - 445 + 53. Let l = -7 - -12. Suppose -l*o = -4*o - g. What is the tens digit of o?
5
Let z(i) = -17*i + 341. Let n be z(16). Let v be (2/3)/(1/198). Let w = v - n. What is the units digit of w?
3
Let d(m) = -26*m + 13. Let g be d(3). Let z = g + 302. What is the hundreds digit of z?
2
Suppose 0 = 37*k - 40886 - 13208. What is the units digit of k?
2
Let f(q) be the first derivative of -41*q**2/2 - 12*q + 39. What is the tens digit of f(-1)?
2
Let f(x) = -2*x**2 - x**2 + 8*x**2. Let r be f(-1). Suppose 5*b + 4*l = 138, r*b - 183 + 18 = 5*l. What is the units digit of b?
0
Let i = -14 - -14. Suppose -3*o - 22 + 136 = i. Let a = 64 - o. What is the tens digit of a?
2
Let x(d) = -d**2 - 6*d - 1. Let u be x(-4). Let m be u - (-3 - (-6 - 1)). Suppose o = -p - 30 + 73, 0 = -4*p + m*o + 179. What is the units digit of p?
4
Suppose 2*m = -3*c + 23 + 35, -3*c + 4*m = -82. Let q = -17 + c. Let t(k) = k**3 - 2*k**2 - 6*k - 5. What is the tens digit of t(q)?
4
Let s(i) = -2*i - 3*i + 4*i. Let w be ((-5)/((-15)/(-48)))/2. What is the units digit of s(w)?
8
Suppose 2*h + 15 - 5 = 0, 28 = -3*j - 5*h. Let c = 206 - 208. What is the tens digit of c/(60/(-58) - j)?
5
Suppose 12 = -5*d + i - 3, -3*d - 2*i = -4. What is the tens digit of 5 + d - (-63 + 4)?
6
Suppose -2*i + 148 = -r, 152 = 3*i + 3*r - 52. What is the units digit of i?
2
Suppose 3*k + 5*s = s + 1843, 5*s = 2*k - 1198. What is the hundreds digit of k?
6
Suppose -4*z = -670 - 1006. What is the tens digit of z?
1
Suppose -5*o = -o - 12, -h + 360 = 4*o. What is the units digit of h?
8
Let j be (3 - (-1 - -5))*8. Let c = j - -10. Suppose 140 = 5*i - c*o, 0 = i + 2*o - o - 28. What is the units digit of i?
8
Let g = 22 + -21. What is the tens digit of (g - -6)/(15/14 + -1)?
9
What is the tens digit of (80/7)/((-24)/(-672))?
2
Suppose -4*t - 48 = 28. Let d = -7 - t. Suppose 0 = -14*c + d*c + 30. What is the tens digit of c?
1
Let i(l) = 5*l**2 + 64*l - 142. What is the tens digit of i(-29)?
0
Suppose -458 + 5166 = 11*w. What is the hundreds digit of w?
4
Let k(p) = -4*p**3 - 17*p**2 - 5*p - 49. Let w(l) = -3*l**3 - 18*l**2 - 4*l - 48. Let z(y) = 2*k(y) - 3*w(y). What is the units digit of z(-20)?
6
Suppose -3*t + 3 = y, t = -4*t + 4*y - 12. What is the tens digit of 0 - -3 - t - -241?
4
Let d(k) = -k**3 + k**2 + 54. Suppose -2*u = -0*u - 3*u. What is the units digit of d(u)?
4
What is the tens digit of (-48)/168 - (-6768)/21?
2
Let l(h) = -8*h - 9. Let f = 19 + -19. Suppose j = -3*u - f*j - 22, -4*j - 11 = u. What is the tens digit of l(u)?
4
Let q(g) = -g**3 - g - 7. Let r be q(3). Let d = 32 + r. What is the tens digit of (4 + d)/((-4)/188)?
4
Suppose 0 = -8*n - n + 36. Let j be 6/15 - 523/(-5). Suppose -l - n*l + j = 0. What is the units digit of l?
1
Let g(p) = -32*p**3 - 7*p**2 - 3*p - 11. Let y(d) = 16*d**3 + 4*d**2 + d + 5. Let s(o) = 2*g(o) + 5*y(o). What is the units digit of s(2)?
3
Let t = -64 + 112. What is the tens digit of 6/(t/20)*34?
8
What is the tens digit of 30*((-20)/(-4) + -4)?
3
Suppose -3*p + x = 4*x - 507, -880 = -5*p + 2*x. Suppose -11*j + 17*j - p = 0. What is the tens digit of j?
2
Let n(m) = -2*m + 39. Let f be n(8). Suppose -h = -5*x + f - 98, 2*h + x = 183. What is the tens digit of h?
9
What is the thousands digit of (139/(-278))/(1/(-9262))?
4
Let t(u) = u**2 - 4*u. Suppose -5*x + 17 = -3*x - o, -3*o = -2*x + 19. What is the tens digit of t(x)?
3
Let o(r) = -45*r**3 - 2*r - 1. Let k(q) = q**2 + 8*q + 11. Let n be k(-6). What is the tens digit of o(n)?
4
Let j(k) = -k + 7. Let n(w) = -w + 7. Let c(f) = 3*j(f) - 2*n(f). Let i be c(4). Suppose i*l + 3*p = 13 + 71, 5*l + 2*p = 137. What is the tens digit of l?
2
Suppose -5*l = 5, -2*j - 2*l = -4*j + 82. Let z = -9 - -16. Suppose -z*u + j = -2*u. What is the units digit of u?
8
Suppose -a - 3*d = -5, 4*a - 4 = d + 3*d. Let p be 5*5/(5/22). Suppose z + 75 = y + 20, -p = -2*y - a*z. What is the tens digit of y?
5
Let n = -4 - 6. Let j be (-504)/n - 9/(-15). Suppose 9*x + j = 12*x. What is the units digit of x?
7
Suppose 0 = 4*j - 5*g + 593 - 1946, 3*j - 2*g = 1006. What is the units digit of j?
2
Let x(t) = 1202*t - 28. What is the hundreds digit of x(2)?
3
Suppose 0 = 3*f - 7*o + 12*o - 1617, 0 = 5*f + 2*o - 2714. What is the hundreds digit of f?
5
Suppose 4 = k - 18. Suppose 2*w + 88 = 4*s, 0*w - w + k = s. What is the tens digit of s?
2
Suppose 3*n - n - 2*r = 6, -3*n + 5 = -r. What is the tens digit of (5 - n) + -4 - -77?
7
What is the hundreds digit of (2136/30)/((-16)/(-600))?
6
Let p = 95 - 62. What is the hundreds digit of (-11)/p - (-716)/6*1?
1
Let h(p) = -p**3 - 6*p**2 - 4*p + 7. Let r be h(-5). Suppose -5*c + 38 = -3*q, r*q + 5*c + 18 = c. Let z(t) = -t**2 - 12*t + 5. What is the units digit of z(q)?
6
Let t(p) = 5*p**2 - 56*p + 2. What is the hundreds digit of t(-5)?
4
Suppose 0 = g + 1, k = -3*g. Let y be 6 - (-6)/4*-2. Suppose 148 = k*l + 4*m, -7*l + y*l = -2*m - 168. What is the units digit of l?
4
Suppose -i - 2*g = -674, 4*i - 652 = g + 2080. Suppose -i = -11*v + 9*v. What is the units digit of v?
1
Suppose -45*h - 684 = -54*h. What is the tens digit of h?
7
Let r(f) = f**3 - 5*f**2 - 2*f + 12. Let q(w) = w**2 - 5*w. Let d be q(5). Suppose -3*c + 9 = d, 24 = 2*j + j + 2*c. What is the tens digit of r(j)?
3
Let f(d) = -3*d - 12. Let b be f(-4). Suppose b = -2*w + 80 + 54. What is the tens digit of w?
6
Suppose 17*v + 1680 = 9*v. Let i = v - -421. What is the units digit of i?
1
Let n(p) = 22*p**2 - 60. What is the tens digit of n(8)?
4
Let j(k) = 6*k**2 - k - 28. Let b be j(-7). Suppose b = 3*f - 9. What is the units digit of f?
4
Let p be (-3)/3*-5 + (-12)/4. Let z = -6 - -8. Suppose z = -p*v + 48. What is the tens digit of v?
2
Let l(h) = -h**3 + 5*h**2 - h + 2. Let s be l(5). Let z be 1*(1 + (-3 - s)). What is the units digit of 47 + z - 10/(-5)?
0
Suppose -85*f + 20605 + 152030 = 0. What is the hundreds digit of f?
0
Suppose 2*w - 2012 + 161 = 3*h, 918 = w - 4*h. What is the units digit of w?
0
Suppose -5*b = -5, 0 = f - 3*b - 0*b - 95. Suppose x - 6*x + n + 133 = 0, 0 = -4*x + 5*n + f. What is the tens digit of x?
2
Suppose -3*c + 102 = -5*n, -3*n = 2*n + c + 106. Let x = 87 + -47. Let o = x + n. What is the units digit of o?
9
Let y(q) = 4*q + 5. Let s be y(-2). Let h(b) = -b**3 - 3*b**2 - 2*b + 2. Let u be h(s). What is the units digit of 18/u*(-64)/(-3)?
8
Suppose -47*y = -43551 - 25163. What is the thousands digit of y?
1
Suppose -3*w + 3262 = -5*a, -3*w + 1960 = 4*a - 1338. What is the thousands digit of w?
1
Suppose -18*v = 20*v - 196574. What is the hundreds digit of v?
1
Let j(u) = 2*u**2 - 6*u + 6. Let t be j(2). Suppose y = t*y - 5. What is the units digit of y?
5
Let v = 928 - 913. What is the tens digit of v?
1
Suppose 26 = -4*u + 2. What is the units digit of (u/(-5))/((-58)/(-145))?
3
Let g(y) = 105*y + 140. What is the tens digit of g(5)?
6
Suppose 3*d + 54912 = 36*d. What is the hundreds digit of d?
6
Let n(t) be the second derivative of t**3/6 + 22*t**2 + 4*t. Suppose 3*o + 4*h = -20, 4*o = o - h - 5. What is the units digit of n(o)?
4
Let b be (-3)/(-5) + 196/(-35). Let o = 14 + b. Let k = 1 + o. What is the tens digit of k?
1
Let j = -5 + 14. Suppose 2*u + j + 9 = 0. Let v = u - -11. What is the units digit of v?
2
Suppose -3*l = l. Suppose l*d - 54 = -2*d. What is the tens digit of d?
2
Suppose k + 10 = -2*y + 1, 5*k - 2*y - 15 = 0. Let v be -9 - -10 - k*7. What is the units digit of ((-38)/v)/((-1)/(-3))?
9
Let j(b) = b**3 - 3*b**2 - 2*b - 7. What is the